?
3, 5
What are the prime factors of 733?
733
What are the prime factors of 15111?
3, 23, 73
What are the prime factors of 3234?
2, 3, 7, 11
List the prime factors of 5211.
3, 193
What are the prime factors of 4806?
2, 3, 89
What are the prime factors of 1354?
2, 677
What are the prime factors of 12627?
3, 23, 61
What are the prime factors of 9034?
2, 4517
What are the prime factors of 64562?
2, 19, 1699
What are the prime factors of 1287?
3, 11, 13
List the prime factors of 184.
2, 23
List the prime factors of 57097.
57097
List the prime factors of 104985.
3, 5, 2333
What are the prime factors of 1896?
2, 3, 79
List the prime factors of 196.
2, 7
List the prime factors of 9219.
3, 7, 439
What are the prime factors of 11845?
5, 23, 103
What are the prime factors of 76840?
2, 5, 17, 113
What are the prime factors of 38402?
2, 7, 13, 211
What are the prime factors of 225?
3, 5
What are the prime factors of 3678?
2, 3, 613
List the prime factors of 811.
811
List the prime factors of 391.
17, 23
What are the prime factors of 11488?
2, 359
List the prime factors of 18.
2, 3
What are the prime factors of 9875?
5, 79
What are the prime factors of 3538?
2, 29, 61
List the prime factors of 1706.
2, 853
List the prime factors of 3350.
2, 5, 67
List the prime factors of 40.
2, 5
What are the prime factors of 24878?
2, 7, 1777
List the prime factors of 39793.
13, 3061
What are the prime factors of 7414?
2, 11, 337
What are the prime factors of 32172?
2, 3, 7, 383
List the prime factors of 2366.
2, 7, 13
List the prime factors of 46101.
3, 11, 127
What are the prime factors of 2591?
2591
List the prime factors of 5087.
5087
What are the prime factors of 2845?
5, 569
List the prime factors of 21.
3, 7
List the prime factors of 803.
11, 73
What are the prime factors of 96570?
2, 3, 5, 29, 37
What are the prime factors of 84074?
2, 127, 331
What are the prime factors of 100599?
3, 33533
List the prime factors of 488.
2, 61
What are the prime factors of 5637?
3, 1879
List the prime factors of 971.
971
What are the prime factors of 161416?
2, 20177
What are the prime factors of 495?
3, 5, 11
List the prime factors of 39636.
2, 3, 367
What are the prime factors of 201?
3, 67
List the prime factors of 950.
2, 5, 19
List the prime factors of 965.
5, 193
What are the prime factors of 1757?
7, 251
List the prime factors of 793.
13, 61
What are the prime factors of 3560?
2, 5, 89
What are the prime factors of 65370?
2, 3, 5, 2179
List the prime factors of 25061.
19, 1319
What are the prime factors of 999?
3, 37
What are the prime factors of 49?
7
List the prime factors of 54655.
5, 17, 643
List the prime factors of 952.
2, 7, 17
List the prime factors of 792.
2, 3, 11
List the prime factors of 166062.
2, 3, 13, 2129
List the prime factors of 20248.
2, 2531
List the prime factors of 982.
2, 491
What are the prime factors of 216?
2, 3
What are the prime factors of 410?
2, 5, 41
List the prime factors of 51774.
2, 3, 8629
What are the prime factors of 110130?
2, 3, 5, 3671
List the prime factors of 23392.
2, 17, 43
List the prime factors of 13601.
7, 29, 67
What are the prime factors of 16150?
2, 5, 17, 19
What are the prime factors of 4806?
2, 3, 89
What are the prime factors of 2751?
3, 7, 131
List the prime factors of 2877.
3, 7, 137
List the prime factors of 2050.
2, 5, 41
What are the prime factors of 1863?
3, 23
What are the prime factors of 1265?
5, 11, 23
List the prime factors of 3640.
2, 5, 7, 13
What are the prime factors of 176?
2, 11
List the prime factors of 413.
7, 59
What are the prime factors of 38569?
38569
List the prime factors of 2487.
3, 829
What are the prime factors of 66605?
5, 7, 11, 173
What are the prime factors of 2947?
7, 421
List the prime factors of 612.
2, 3, 17
List the prime factors of 3270.
2, 3, 5, 109
List the prime factors of 707.
7, 101
List the prime factors of 63.
3, 7
What are the prime factors of 5279?
5279
List the prime factors of 93507.
3, 71, 439
List the prime factors of 52273.
13, 4021
List the prime factors of 6925.
5, 277
What are the prime factors of 53842?
2, 26921
What are the prime factors of 13922?
2, 6961
List the prime factors of 2142.
2, 3, 7, 17
What are the prime factors of 32118?
2, 3, 53, 101
List the prime factors of 1010.
2, 5, 101
What are the prime factors of 121455?
3, 5, 2699
What are the prime factors of 66934?
2, 7, 683
What are the prime factors of 747?
3, 83
List the prime factors of 3476.
2, 11, 79
What are the prime factors of 6517?
7, 19
What are the prime factors of 30168?
2, 3, 419
What are the prime factors of 4996?
2, 1249
List the prime factors of 1510.
2, 5, 151
List the prime factors of 3270.
2, 3, 5, 109
What are the prime factors of 710?
2, 5, 71
List the prime factors of 10413.
3, 13, 89
List the prime factors of 10289.
10289
What are the prime factors of 67252?
2, 17, 23, 43
List the prime factors of 1090.
2, 5, 109
List the prime factors of 2938.
2, 13, 113
What are the prime factors of 8769?
3, 37, 79
What are the prime factors of 1623?
3, 541
List the prime factors of 399.
3, 7, 19
List the prime factors of 4542.
2, 3, 757
List the prime factors of 1329.
3, 443
What are the prime factors of 1491?
3, 7, 71
List the prime factors of 4599.
3, 7, 73
List the prime factors of 4613.
7, 659
What are the prime factors of 692?
2, 173
List the prime factors of 4375.
5, 7
What are the prime factors of 7249?
11, 659
What are the prime factors of 96113?
223, 431
List the prime factors of 23705.
5, 11, 431
List the prime factors of 48767.
48767
What are the prime factors of 47529?
3, 5281
List the prime factors of 1920.
2, 3, 5
What are the prime factors of 2030?
2, 5, 7, 29
List the prime factors of 5779.
5779
What are the prime factors of 10886?
2, 5443
List the prime factors of 393.
3, 131
What are the prime factors of 43310?
2, 5, 61, 71
List the prime factors of 9283.
9283
List the prime factors of 16548.
2, 3, 7, 197
What are the prime factors of 61640?
2, 5, 23, 67
List the prime factors of 53478.
2, 3, 2971
What are the prime factors of 1011?
3, 337
List the prime factors of 3788.
2, 947
List the prime factors of 425.
5, 17
What are the prime factors of 8340?
2, 3, 5, 139
What are the prime factors of 4298?
2, 7, 307
List the prime factors of 6659.
6659
List the prime factors of 625.
5
List the prime factors of 101351.
43, 2357
List the prime factors of 47196.
2, 3, 19, 23
List the prime factors of 1242.
2, 3, 23
List the prime factors of 729.
3
List the prime factors of 7528.
2, 941
What are the prime factors of 86647?
11, 7877
List the prime factors of 396.
2, 3, 11
What are the prime factors of 4184?
2, 523
List the prime factors of 7015.
5, 23, 61
What are the prime factors of 6084?
2, 3, 13
List the prime factors of 769.
769
List the prime factors of 40593.
3, 7, 1933
List the prime factors of 380.
2, 5, 19
What are the prime factors of 12521?
19, 659
List the prime factors of 8849.
8849
What are the prime factors of 174?
2, 3, 29
List the prime factors of 280.
2, 5, 7
List the prime factors of 3751.
11, 31
What are the prime factors of 4282?
2, 2141
What are the prime factors of 35350?
2, 5, 7, 101
What are the prime factors of 55068?
2, 3, 13, 353
What are the prime factors of 4513?
4513
What are the prime factors of 83940?
2, 3, 5, 1399
What are the prime factors of 6529?
6529
What are the prime factors of 34648?
2, 61, 71
What are the prime factors of 37856?
2, 7, 13
What are the prime factors of 3422?
2, 29, 59
List the prime factors of 990.
2, 3, 5, 11
List the prime factors of 76027.
7, 10861
List the prime factors of 1684.
2, 421
List the prime factors of 5103.
3, 7
What are the prime factors of 2832?
2, 3, 59
What are the prime factors of 38810?
2, 5, 3881
What are the prime factors of 242?
2, 11
What are the prime factors of 5027?
11, 457
What are the prime factors of 556?
2, 139
List the prime factors of 10962.
2, 3, 7, 29
What are the prime factors of 122143?
7, 17449
List the prime factors of 1907.
1907
List the prime factors of 56077.
7, 8011
List the prime factors of 1852.
2, 463
What are the prime factors of 3778?
2, 1889
List the prime factors of 122.
2, 61
List the prime factors of 38487.
3, 12829
What are the prime factors of 74898?
2, 3, 19, 73
List the pri